 3*u - 54 = 0, -289 = -5*m - u - 3*u. Calculate the remainder when m is divided by 15.
12
Let h be ((-42)/(-4))/(9/48). Let t = 89 - h. Let n(j) = -3*j - 1. Calculate the remainder when t is divided by n(-6).
16
Let l be 49/(-5) + 3/(-15). Let p = -3 - l. Suppose -10 = -2*o - 0*o. What is the remainder when p is divided by o?
2
Let r(d) = -7*d**3 + d**2 + 11*d - 9. Let s(b) = -8*b**3 + 11*b - 9. Let a(c) = 7*r(c) - 6*s(c). What is the remainder when a(7) is divided by 18?
14
Let x = -167 + 187. Calculate the remainder when 35 is divided by x.
15
Let k be 1/2 - (-10)/(-4). Let f = -1 - k. Let p = 8 - 7. Calculate the remainder when f is divided by p.
0
Let p(v) = 9*v - 5. What is the remainder when p(3) is divided by 1/4 - 47/(-4)?
10
Suppose -3*h + k = -1, 4*h - 3*h + 4*k - 22 = 0. What is the remainder when 7 is divided by h?
1
Let h = -21 + 30. Let j(l) = -l. Let n(d) = -4*d - 4. Let u(t) = -3*j(t) - n(t). Calculate the remainder when u(3) is divided by h.
7
Suppose 0 = -2*b - 0*b + 40. Calculate the remainder when b is divided by ((-22)/6)/((-6)/18).
9
Suppose 7*d - 238 = -7*d. Calculate the remainder when (1/1)/((-1)/(-31)) is divided by d.
14
What is the remainder when (-19*2)/(-3 + 1) is divided by 11?
8
Let i = 6 + 87. What is the remainder when i is divided by 24?
21
Let m(t) = 2*t - 10. Let y be m(7). Suppose 0*b = -y*b + 28. What is the remainder when (-20)/(-10) - 17*-1 is divided by b?
5
Suppose -2*n + 1 = -3*t, 2*t - 1 = -n + 2*n. Let q = t + -2. What is the remainder when 1 is divided by q?
0
Let b = -92 + 129. Suppose 5*n + 2 = b. What is the remainder when n is divided by 3?
1
Let c = 2 - -2. Suppose c*o + 0*o - 20 = 0. Suppose 4*n + q - 1 = 28, -n - o*q = -12. What is the remainder when 19 is divided by n?
5
Let h(c) = -c**2 - 4*c + 1. Let l be h(-4). Suppose d - 29 = -l. What is the remainder when d is divided by -4*(1 + 21/(-6))?
8
Let b be ((-15)/(-2))/((-15)/(-40)). Suppose b + 25 = 3*i. What is the remainder when 43 is divided by i?
13
Suppose 162 = 5*h - 8. Let g(q) = 3*q - 5. Let w be g(6). Let n = -1 + w. What is the remainder when h is divided by n?
10
Let t be 0 - (-1)/1 - -37. Suppose -b = 2*b + h - 79, 0 = b - 2*h - t. Let m = 9 + 1. Calculate the remainder when b is divided by m.
8
Let q = -35 + 75. Let t = -18 + q. Calculate the remainder when t is divided by -2 - 14*-1*1.
10
Let x = 0 - -2. Suppose 6 = 2*s - 8. What is the remainder when s is divided by x?
1
Let t(d) = -2*d - 1 + 3 - 2*d. Let j be t(-6). Suppose -p - j = -2*p. What is the remainder when p is divided by 7?
5
Let n = -15 + 26. What is the remainder when 19 is divided by n?
8
Let w = 3 + -6. Let l = 6 + w. Let t(q) = 8*q - 4. Calculate the remainder when t(l) is divided by 11.
9
Suppose -3*z - 8 = -11. Calculate the remainder when 18 is divided by (-2 + z)/(5/(-50)).
8
Let n be 1/2 + (-10)/4. Let c be n/(-6)*3*2. Suppose 4*r = -4*x + 24, 4 + 6 = c*x. Calculate the remainder when 1 is divided by r.
0
Let v(m) = 2*m**3 - 5*m**2 - 8*m + 1. What is the remainder when v(5) is divided by 22?
20
Suppose -1 = -3*l + 5. Suppose 5*z = l*d + 170, 0*d + 150 = 5*z + 2*d. What is the remainder when (1 + -1 - -2) + z is divided by 12?
10
Suppose -9*a + 6*a + 36 = 0. What is the remainder when 44 is divided by a?
8
What is the remainder when 22 is divided by 63/12 - (-1)/(-4)?
2
Suppose 2*t = 2*v + 554, -t - 1391 = -6*t - v. What is the remainder when t is divided by 56?
54
Suppose 0 = -4*c + 98 - 6. Suppose 5*l + 27 = -2*a, 0*a + 4*a - l = -21. Let k(g) = g + 12. Calculate the remainder when c is divided by k(a).
5
Suppose 2*j - w = 46, -4*w + 2*w = 5*j - 97. Calculate the remainder when j is divided by 6.
3
Let s(w) = 3*w**2 - 4*w + 3. Let n be s(2). Suppose b - 25 = 2*o, -b - 3*o + 18 + n = 0. What is the remainder when b is divided by 14?
11
Calculate the remainder when 115 is divided by (0 - -5)*(5 + -4 - -7).
35
Let z(s) = 3*s**2 - s - 1. Let m(b) = -b**3 - 3*b**2 + b + 2. Let q be m(-3). Let v be z(q). Suppose -v = -o - 1. What is the remainder when 3 is divided by o?
1
Let r(h) = h**3 + 7*h**2 - 15*h - 11. Calculate the remainder when r(-8) is divided by 12.
9
Calculate the remainder when (-14)/21 + (-118)/(-6) is divided by 6.
1
Let n = -15 - -36. Suppose -2*t + 0*c + 34 = 4*c, -3*c + 9 = 0. What is the remainder when n is divided by t?
10
Suppose 5*i + 8 = -7. Let o be ((-5)/i)/5*-183. Let l = -41 - o. Calculate the remainder when l is divided by 7.
6
Let l(u) = -u**2 + 4*u - 2. Let a be l(3). Suppose -a = -4*s + 91. Let k(z) = -z**3 - 5*z**2 - z + 3. What is the remainder when s is divided by k(-5)?
7
Let z(f) = -f**2 + 4*f - 3. Let r be z(3). Let i(n) = -3*n - 5. Let d be i(-6). Suppose d = s - r*s. What is the remainder when 25 is divided by s?
12
Let a be (-3 + 3)*1/(-2). Suppose a*w = w - 4. Let o = -3 + 9. What is the remainder when o is divided by w?
2
Let b(s) = s**3 - 6*s**2 + 4*s - 5. Let j be b(5). Let g = j - -22. Suppose 4*w = -5*p + 59, 0 = w + w - 2*p - 52. What is the remainder when w is divided by g?
9
Suppose -r - 2*h + 22 = 3*h, -r - 2*h + 7 = 0. Let n be 5/4 - r/4. Calculate the remainder when 17 is divided by (-63)/(-14) - n/(-4).
2
Suppose c - l - 8 = 0, -c - 2*c + 5*l = -24. Calculate the remainder when ((-26)/4)/((-4)/c) is divided by 5.
3
Suppose -176 = -5*s - 51. Let k = -12 + s. Let j = -4 + 11. Calculate the remainder when k is divided by j.
6
Let u(l) = -l**2 + 7*l + 7. Suppose -37 = -4*y - 13. Calculate the remainder when u(y) is divided by 7.
6
Let t be (-2)/5 - (-37)/5. Let n(y) = -5*y + 3 + 1 + t*y. What is the remainder when 53 is divided by n(7)?
17
Suppose -2*p - 2*p = -3*o - 54, 4*p = 4*o + 56. Suppose -3*v - 2*q = -7 - 3, 5*v - q - 21 = 0. Calculate the remainder when p is divided by v.
0
Calculate the remainder when 125 is divided by (-3)/(-2)*128/6.
29
Let b = 147 + -101. Calculate the remainder when b is divided by 16.
14
Suppose -4*t + 1 = -5*t, -2*x + 3*t = -33. Calculate the remainder when 28 is divided by x.
13
Suppose 0 = 3*s - 50 - 88. Suppose 6*l = 3*l + 48. Let k = l + 8. Calculate the remainder when s is divided by k.
22
Let w(t) = 2*t**2 - 3*t - 4. Let l = -234 - -280. Calculate the remainder when l is divided by w(4).
14
Suppose -3*r + 29 = -a, 0*a - 4*a = 5*r - 20. Let m = r + -1. Calculate the remainder when 13 is divided by (-4)/((-16)/m)*4.
6
Let w(k) = 19*k - 3. Let q be w(7). Suppose -2*j + 3*u = -55, 5*j + u = 6*u + q. What is the remainder when j is divided by 13?
10
Let g = 51 - 34. Calculate the remainder when g is divided by 10.
7
Let l be ((-9)/(-6))/((-12)/(-128)). Let i(o) = o**3 - 5*o**2 + 6*o - 3. Calculate the remainder when (l/(-12))/((-6)/63) is divided by i(4).
4
Let c(l) = -l**3 - 9*l**2 - l - 7. What is the remainder when c(-9) is divided by 1?
0
Let f be (21 + -7)/(1*2). Let m(k) = k**3 - 7*k**2 - k + 1. Let r be m(f). What is the remainder when r/((3/21)/(-1)) is divided by 11?
9
Let p = 15 + -11. Calculate the remainder when 13 is divided by p.
1
Let v = 17 + 44. Let s = 89 - v. Let k = -18 - -33. Calculate the remainder when s is divided by k.
13
Let f = -6 - -9. Suppose -4*g = -16, -f*d - 25 + 159 = 5*g. What is the remainder when d is divided by -1*1 - (-140)/10?
12
Let u = -59 - -102. What is the remainder when u is divided by 23?
20
Let s = 26 - -12. What is the remainder when s is divided by 12?
2
Let w(x) = x**2 - 5*x + 1. Let k be w(5). Let d(l) = 28*l**2 + l. Let v = -5 - -15. What is the remainder when d(k) is divided by v?
9
Suppose 6*i - 16 = 4*i. What is the remainder when 28 is divided by (-1)/(-4) + 118/i?
13
Let l = 14 + 30. Calculate the remainder when 305 is divided by l.
41
Suppose -4*i + 20 = -4*z, 0 = -4*i - 5*z + 2 - 9. Calculate the remainder when 3 is divided by i.
1
Suppose 52 = 3*u - 5*p, -3*u = -4*p - 18 - 35. What is the remainder when u is divided by (-5)/(-5) - 20/(-2)?
8
What is the remainder when 23 is divided by 3/9 + 175/15?
11
Let u(n) = -n**3 - 7*n**2 - 6*n - 31. What is the remainder when u(-7) is divided by 2/(0 + (-4)/(-6))?
2
Let o = 27 - 15. Suppose -13 - 29 = -2*g. Suppose 3*a - g = 84. Calculate the remainder when a is divided by o.
11
What is the remainder when 33 is divided by ((-2)/(-4) + 0)/(2/112)?
5
Let q(m) = -2*m**2 - 32*m 